 - 13*c + 111. Give q(21).
-162
Let s(j) = -j**3 - 2*j**2 + 5*j - 350. What is s(0)?
-350
Let w(u) = 5*u**2 + 59*u + 25. Calculate w(-3).
-107
Let b(h) = -692*h + 22830. Give b(33).
-6
Let l(n) = n**2 + 44*n + 491. Calculate l(-20).
11
Let s(l) = -l**3 - 50*l**2 - 151*l - 12. Give s(-3).
18
Let m(l) = 294*l - 16792. Give m(57).
-34
Let s(f) = f**3 + 74*f**2 - 3962*f - 102. Give s(-110).
118
Let t(f) = -3*f**2 + 31*f + 48. What is t(10)?
58
Let y(b) = -b**2 + 42*b - 136. Give y(36).
80
Let c(r) = -63*r - 25. What is c(-2)?
101
Let p(a) = -3*a**3 - 5*a**2 + 64*a + 357. What is p(-6)?
441
Let m(r) = 5272*r**2 + 31629*r - 9. Calculate m(-6).
9
Let y(h) = 26*h**2 - 158*h - 2. Determine y(8).
398
Let r(x) = 7*x - 117. Calculate r(14).
-19
Let h(c) = -2045*c + 8252. Give h(4).
72
Let u(d) = d**2 - 98*d - 3563. Calculate u(-27).
-188
Let y(h) = 7*h**3 + 9*h**2 + 25*h + 24. Calculate y(-3).
-159
Let y(a) = -3*a**2 + 37*a + 18. Give y(14).
-52
Let q(u) = -6*u + 28. Give q(4).
4
Let a(n) = -3*n**2 - 12*n - 38. What is a(-10)?
-218
Let h(u) = -u**3 + u**2 + 22*u - 5. Calculate h(-7).
233
Let o(t) = 131*t**2 + 23*t + 21. What is o(-1)?
129
Let a(k) = -476*k + 212776. Calculate a(447).
4
Let v(t) = -t**3 - 29*t**2 + 58*t - 128. Give v(-31).
-4
Let j(q) = q**3 - 32*q**2 - 100*q - 175. Calculate j(35).
0
Let f(n) = -217*n - 6251. Determine f(-29).
42
Let p(v) = -v**2 + 22*v + 1734. Calculate p(54).
6
Let k(n) = -n**3 + 306*n**2 + 912*n - 9. Determine k(-3).
36
Let n(b) = 136*b - 22. Give n(-2).
-294
Let a(h) = -4741*h + 28452. Calculate a(6).
6
Let q(h) = -5*h**2 + 70*h + 8. What is q(15)?
-67
Let t(n) = -2*n**2 - 277*n + 3678. Give t(-151).
-97
Let m(n) = 2*n**3 - 3*n**2 - 27*n - 16. What is m(0)?
-16
Let f(c) = 42*c + 126. What is f(-8)?
-210
Let z(w) = -2*w**3 + 3*w**2 + 32*w + 51. Give z(-2).
15
Let g(p) = -2*p**2 + 44*p - 62. Give g(22).
-62
Let t(n) = 83*n**2 - 311*n + 12. What is t(4)?
96
Let j(x) = -101*x - 502. Determine j(-5).
3
Let z(d) = -3*d**2 + 114*d - 44. What is z(40)?
-284
Let x(y) = 2*y**3 - 44*y**2 - 15*y + 325. Determine x(22).
-5
Let l(r) = -r**3 - 27*r**2 - 22*r + 55. Give l(-26).
-49
Let n(d) = -2*d**3 - 6*d**2 + 72*d + 215. What is n(6)?
-1
Let l(u) = u**3 + 4*u**2 - 19*u - 24. What is l(-6)?
18
Let l(t) = 30*t**2 + 252*t - 10. Give l(-10).
470
Let y(l) = -l**3 - 2*l**2 + 38*l + 75. Determine y(-2).
-1
Let v(g) = 23*g**3 + 2*g**2 + 2*g. What is v(-2)?
-180
Let w(l) = -l**2 + 22*l + 1107. Determine w(46).
3
Let t(r) = 7*r**2 + 75*r + 79. Give t(-9).
-29
Let d(c) = -4*c + 58. Calculate d(9).
22
Let m(p) = p**3 - 13*p**2 - 4*p + 35. Give m(13).
-17
Let s(o) = 34*o - 262. Give s(8).
10
Let c(s) = s**3 - 130*s**2 - 136*s + 659. Give c(131).
4
Let h(g) = 2*g**2 - 149*g - 633. Determine h(-4).
-5
Let p(c) = c**3 - 40*c**2 - 87*c + 225. Give p(42).
99
Let p(o) = -6*o + 334. Give p(-8).
382
Let b(z) = -11*z - 390. Calculate b(-35).
-5
Let s(n) = -4*n**3 - 8*n**2 + 3*n - 44. What is s(-3)?
-17
Let o(i) = -i**3 + 175*i**2 + 367*i - 2311. Give o(177).
-10
Let z(a) = -150*a + 7021. Determine z(47).
-29
Let n(k) = -k**3 + 60*k**2 + 399*k + 16. Give n(66).
214
Let a(w) = 51*w - 371. What is a(6)?
-65
Let a(b) = -b**3 + 39*b**2 + 38*b + 77. Determine a(40).
-3
Let h(c) = -18*c + 574. Calculate h(34).
-38
Let n(h) = -h**3 - 5*h**2 + 31*h + 95. Calculate n(-3).
-16
Let o(k) = 15*k + 109. Calculate o(9).
244
Let v(c) = -19*c**2 + 111*c + 15. Determine v(6).
-3
Let b(z) = 1652*z - 3333. Determine b(2).
-29
Let i(s) = 403*s + 2851. Determine i(-7).
30
Let t(b) = 3*b**3 + 28*b - 55. What is t(3)?
110
Let j(a) = 9*a - 119. Calculate j(16).
25
Let a(f) = -48*f + 187. What is a(4)?
-5
Let j(z) = -4*z**2 - 66*z + 3. What is j(-19)?
-187
Let z(i) = -12*i**3 - 65*i**2 + 65*i - 1. Calculate z(1).
-13
Let v(o) = 191*o + 4603. Give v(-24).
19
Let j(k) = -k**3 - 9*k**2 + 10*k - 18. Determine j(-9).
-108
Let u(r) = -2*r**2 - 40*r - 141. Give u(-5).
9
Let x(i) = -i**3 - 36*i**2 + 524*i + 29. Calculate x(11).
106
Let t(d) = -d**2 + 143*d - 133. What is t(1)?
9
Let u(a) = -949*a - 9435. What is u(-10)?
55
Let j(i) = -2*i - 28. Give j(-11).
-6
Let z(v) = -2*v**3 + 5*v**2 + 50*v + 87. Give z(-4).
95
Let p(v) = -2*v**2 - 108*v - 1338. Calculate p(-35).
-8
Let h(b) = 22*b + 476. Give h(-19).
58
Let z(a) = -595*a - 4751. Determine z(-8).
9
Let f(g) = 8*g - 397. Determine f(50).
3
Let b(y) = -y**2 - 192*y - 3026. Give b(-18).
106
Let b(m) = -81*m + 120. Determine b(2).
-42
Let z(x) = 14*x - 248. Give z(29).
158
Let r(x) = -90*x**2 - 262*x + 10. What is r(-3)?
-14
Let m(b) = 2*b**3 - 27*b**2 + 113*b - 205. Determine m(8).
-5
Let f(m) = 18*m**2 + 132*m - 4. Give f(-12).
1004
Let a(z) = -11*z**3 - 640*z**2 - 122*z - 344. Determine a(-58).
4
Let k(h) = h**2 - 30*h - 334. Give k(-8).
-30
Let u(r) = -653*r - 14350. What is u(-22)?
16
Let r(x) = -x**2 + 87*x - 1378. What is r(65)?
52
Let m(l) = l**3 - 19*l**2 - 5*l + 83. Determine m(19).
-12
Let x(o) = -97*o - 827. Calculate x(-9).
46
Let v(g) = 22*g**2 + 662*g + 55. What is v(-30)?
-5
Let c(y) = -y**3 + 7*y**2 + 93*y + 78. Give c(-6).
-12
Let n(f) = -f**2 + 50*f - 434. Determine n(39).
-5
Let u(t) = -t**2 + 51*t - 269. Determine u(41).
141
Let b(j) = -j**3 - 3*j**2 - j - 11. Calculate b(-4).
9
Let k(y) = -11*y**2 + 10*y - 8. What is k(2)?
-32
Let b(r) = 14*r - 128. Give b(13).
54
Let l(f) = f**2 + 1210*f + 6031. Calculate l(-5).
6
Let t(d) = -d**2 - 42*d - 245. Calculate t(-7).
0
Let d(k) = 135*k - 9996. Give d(74).
-6
Let b(v) = -5*v**3 - 117*v**2 + 83*v + 229. Determine b(-24).
-35
Let x(p) = -4*p**3 - 57*p**2 - 10*p + 58. Give x(-14).
2
Let i(a) = 55*a + 599. Calculate i(-16).
-281
Let k(g) = -g**2 + 21*g + 38. Give k(27).
-124
Let j(c) = c**3 - 20*c**2 + 46*c - 175. Calculate j(18).
5
Let f(j) = 2*j**3 - 74*j**2 + 3*j - 190. Calculate f(37).
-79
Let h(s) = -s**3 + 15*s**2 - 35*s + 41. Give h(12).
53
Let s(o) = -1436*o + 49. Give s(0).
49
Let z(o) = 103*o - 11885. Calculate z(116).
63
Let h(x) = -3*x**3 - 195*x**2 + 605*x - 469. Determine h(-68).
7
Let v(z) = -9*z**2 + 1563*z + 1561. Determine v(-1).
-11
Let x(a) = -2*a**3 - 143*a**2 + 67*a - 359. Give x(-72).
1
Let z(o) = o**2 - 78*o + 233. Determine z(80).
393
Let v(n) = n**3 - 16*n**2 - 33*n - 22. Give v(18).
32
Let d(q) = 19*q - 428. Calculate d(19).
-67
Let t(h) = h**3 + 29*h**2 + 194*h - 78. Calculate t(-18).
-6
Let s(y) = -112*y**2 + 12*y + 10. Calculate s(-1).
-114
Let s(a) = 2109*a + 40074. Determine s(-19).
3
Let p(k) = k**3 + 11*k**2 + 29*k + 7. Calculate p(-6).
13
Let t(p) = -p**3 - 11*p**2 - 29*p - 98. Give t(-9).
1
Let o(u) = u**2 + 205*u + 2206. Give o(-11).
72
Let k(d) = -779*d + 5456. Determine k(7).
3
Let z(k) = 43*k + 133. What is z(6)?
391
Let z(l) = 5*l**2 + 113*l - 59. Give z(-23).
-13
Let l(n) = -220*n - 4831. Calculate l(-22).
9
Let v(q) = -q**3 + 50*q**2 + 19*q - 462. Determine v(50).
488
Let v(a) = a**3 + 31*a**2 + 141*a + 89. Calculate v(-26).
-197
Let x(q) = -3*q**2 + 61*q + 7. What is x(20)?
27
Let k(c) = c**3 - 52*c**2 + 387*c + 25. Calculate k(43).
25
Let l(f) = f**3 + 18*f**2 - 38*f + 35. What is l(-20)?
-5
Let t(r) = 2*r**2 + 65*r - 705. Determine t(-41).
-8
Let i(p) = 113*p + 789. Determine i(-7).
-2
Let h(z) = 27*z + 808. Give h(-40).
-272
Let q(v) = 646*v - 2568. Calculate q(4).
16
Let y(t) = 4*t**3 + 6*t**2 + 34*t + 85. Determine y(-3).
-71
Let z(h) = -69*h - 423. Give z(-5).
-78
Let x(h) = -2*h**3 + 5*h**2 + 5*h - 13. What is x(3)?
-7
Let s(c) = 13*c - 84. Determine s(3).
-45
Let a(m) = 153*m + 514. What is a(-5)?
-251
Let g(o) = -o**3 - 40*o**2 - 36*o - 76. Calculate g(-39).
-193
Let i(p) = 30*p + 2456. What is i(-82)?
-4
Let d(c) = c**2 + 786*c + 14572. Calculate d(-19).
-1
Let x(y) = 3*y**2 + 28*y + 93. Calculate x(-5).
28
Let i(x) = -12*x**2 + 41*x - 31. Determine i(8).
-471
Let p(v) = -2*v**2 + 110*v + 105. Give p(0).
105
Let x(s) = -2*s**3 + 55*s**2 - 29*s + 58. Give x(27).
4
Let t(a) = -a**3 - 11*a**2 - 23*a - 22. Determine t(-9).
23
Let c(d) = 21*d**3 - d**2 + d + 1. Determine c(-1).
-22
Let x(a) = a**3 - 45*a**2 + 48*a - 170. What is x(44)?
6
Let f(r) = -3*r**2 + 31*r + 176. What is f(-4)?
4
Let i(s) = -2*s**2 - 6*s + 185. Calculate i(-11).
9
Let r(w) = -478*w + 1434. Determine r(3).
0
Let u(l) = -2*l**2 + 51*l - 369. Calculate